at are the prime factors of 266?
2, 7, 19
What are the prime factors of 2944?
2, 23
List the prime factors of 2952.
2, 3, 41
What are the prime factors of 94412?
2, 23603
List the prime factors of 906.
2, 3, 151
List the prime factors of 2111.
2111
What are the prime factors of 31920?
2, 3, 5, 7, 19
List the prime factors of 28836.
2, 3, 89
What are the prime factors of 821?
821
List the prime factors of 340.
2, 5, 17
List the prime factors of 8011.
8011
List the prime factors of 24950.
2, 5, 499
List the prime factors of 164.
2, 41
What are the prime factors of 1791?
3, 199
What are the prime factors of 49365?
3, 5, 1097
What are the prime factors of 12586?
2, 7, 29, 31
What are the prime factors of 483?
3, 7, 23
What are the prime factors of 40541?
71, 571
List the prime factors of 6798.
2, 3, 11, 103
List the prime factors of 162230.
2, 5, 16223
List the prime factors of 704.
2, 11
List the prime factors of 1177.
11, 107
List the prime factors of 19076.
2, 19, 251
List the prime factors of 2300.
2, 5, 23
List the prime factors of 9507.
3, 3169
What are the prime factors of 155951?
277, 563
What are the prime factors of 569?
569
List the prime factors of 4141.
41, 101
What are the prime factors of 6129?
3, 227
List the prime factors of 161305.
5, 32261
What are the prime factors of 18627?
3, 7, 887
What are the prime factors of 24445?
5, 4889
List the prime factors of 17048.
2, 2131
What are the prime factors of 8230?
2, 5, 823
List the prime factors of 8571.
3, 2857
List the prime factors of 679.
7, 97
List the prime factors of 8975.
5, 359
List the prime factors of 5164.
2, 1291
List the prime factors of 5.
5
List the prime factors of 4070.
2, 5, 11, 37
List the prime factors of 876.
2, 3, 73
What are the prime factors of 2514?
2, 3, 419
What are the prime factors of 64987?
13, 4999
What are the prime factors of 22750?
2, 5, 7, 13
What are the prime factors of 6191?
41, 151
What are the prime factors of 27041?
7, 3863
What are the prime factors of 15536?
2, 971
List the prime factors of 2821.
7, 13, 31
List the prime factors of 2909.
2909
What are the prime factors of 1402?
2, 701
List the prime factors of 16446.
2, 3, 2741
List the prime factors of 932.
2, 233
List the prime factors of 27089.
103, 263
List the prime factors of 1770.
2, 3, 5, 59
What are the prime factors of 5930?
2, 5, 593
List the prime factors of 93319.
93319
What are the prime factors of 4132?
2, 1033
What are the prime factors of 17409?
3, 7, 829
List the prime factors of 15713.
19, 827
What are the prime factors of 98332?
2, 13, 31, 61
What are the prime factors of 999?
3, 37
List the prime factors of 418.
2, 11, 19
List the prime factors of 60554.
2, 13, 17, 137
List the prime factors of 31532.
2, 7883
List the prime factors of 43850.
2, 5, 877
What are the prime factors of 41232?
2, 3, 859
What are the prime factors of 3290?
2, 5, 7, 47
What are the prime factors of 112396?
2, 28099
What are the prime factors of 512?
2
List the prime factors of 144318.
2, 3, 67, 359
List the prime factors of 3149.
47, 67
What are the prime factors of 8862?
2, 3, 7, 211
What are the prime factors of 981?
3, 109
List the prime factors of 22114.
2, 11057
List the prime factors of 1629.
3, 181
What are the prime factors of 1196?
2, 13, 23
What are the prime factors of 1498?
2, 7, 107
List the prime factors of 1042.
2, 521
List the prime factors of 702.
2, 3, 13
List the prime factors of 83076.
2, 3, 7, 23, 43
List the prime factors of 36217.
36217
List the prime factors of 36742.
2, 18371
What are the prime factors of 971?
971
What are the prime factors of 9575?
5, 383
List the prime factors of 8006.
2, 4003
What are the prime factors of 6744?
2, 3, 281
List the prime factors of 13163.
13163
List the prime factors of 25924.
2, 6481
What are the prime factors of 100963?
17, 5939
What are the prime factors of 23121?
3, 7, 367
What are the prime factors of 46?
2, 23
List the prime factors of 18073.
11, 31, 53
List the prime factors of 4667.
13, 359
What are the prime factors of 35282?
2, 13, 23, 59
List the prime factors of 40069.
17, 2357
List the prime factors of 46972.
2, 11743
List the prime factors of 22851.
3, 2539
List the prime factors of 1486.
2, 743
What are the prime factors of 25402?
2, 13, 977
What are the prime factors of 3286?
2, 31, 53
What are the prime factors of 9419?
9419
List the prime factors of 19596.
2, 3, 23, 71
What are the prime factors of 1754?
2, 877
List the prime factors of 381.
3, 127
What are the prime factors of 105390?
2, 3, 5, 1171
What are the prime factors of 1670?
2, 5, 167
List the prime factors of 3524.
2, 881
List the prime factors of 1732.
2, 433
What are the prime factors of 23401?
7, 3343
What are the prime factors of 1722?
2, 3, 7, 41
What are the prime factors of 75584?
2, 1181
What are the prime factors of 1923?
3, 641
List the prime factors of 6689.
6689
List the prime factors of 17355.
3, 5, 13, 89
What are the prime factors of 18892?
2, 4723
List the prime factors of 74093.
74093
What are the prime factors of 10821?
3, 3607
What are the prime factors of 7138?
2, 43, 83
List the prime factors of 6627.
3, 47
What are the prime factors of 31?
31
List the prime factors of 1508.
2, 13, 29
What are the prime factors of 752?
2, 47
List the prime factors of 7720.
2, 5, 193
What are the prime factors of 533?
13, 41
List the prime factors of 850.
2, 5, 17
List the prime factors of 2541.
3, 7, 11
What are the prime factors of 137017?
181, 757
What are the prime factors of 671?
11, 61
List the prime factors of 1178.
2, 19, 31
List the prime factors of 658.
2, 7, 47
List the prime factors of 6654.
2, 3, 1109
List the prime factors of 997.
997
List the prime factors of 33472.
2, 523
List the prime factors of 827.
827
List the prime factors of 461.
461
List the prime factors of 1858.
2, 929
List the prime factors of 337.
337
List the prime factors of 1605.
3, 5, 107
What are the prime factors of 7584?
2, 3, 79
What are the prime factors of 8653?
17, 509
What are the prime factors of 11668?
2, 2917
What are the prime factors of 18220?
2, 5, 911
List the prime factors of 742.
2, 7, 53
What are the prime factors of 14083?
14083
List the prime factors of 5752.
2, 719
List the prime factors of 11833.
11833
List the prime factors of 452.
2, 113
List the prime factors of 1793.
11, 163
List the prime factors of 38226.
2, 3, 23, 277
What are the prime factors of 48583?
19, 2557
What are the prime factors of 3124?
2, 11, 71
List the prime factors of 13514.
2, 29, 233
List the prime factors of 71237.
71237
List the prime factors of 53889.
3, 11, 23, 71
What are the prime factors of 31797?
3, 3533
What are the prime factors of 2322?
2, 3, 43
What are the prime factors of 55795?
5, 11159
What are the prime factors of 135801?
3, 79, 191
What are the prime factors of 31517?
31517
List the prime factors of 2771.
17, 163
What are the prime factors of 712?
2, 89
List the prime factors of 176.
2, 11
List the prime factors of 2887.
2887
What are the prime factors of 94787?
7, 11, 1231
What are the prime factors of 2080?
2, 5, 13
List the prime factors of 1623.
3, 541
List the prime factors of 7652.
2, 1913
List the prime factors of 13367.
13367
What are the prime factors of 7314?
2, 3, 23, 53
List the prime factors of 25761.
3, 31, 277
List the prime factors of 1185.
3, 5, 79
What are the prime factors of 377?
13, 29
List the prime factors of 512.
2
What are the prime factors of 131?
131
What are the prime factors of 1049?
1049
What are the prime factors of 4488?
2, 3, 11, 17
List the prime factors of 1130.
2, 5, 113
List the prime factors of 785.
5, 157
List the prime factors of 729.
3
What are the prime factors of 88612?
2, 22153
What are the prime factors of 2801?
2801
What are the prime factors of 14186?
2, 41, 173
List the prime factors of 13718.
2, 19
What are the prime factors of 853?
853
List the prime factors of 9498.
2, 3, 1583
List the prime factors of 1949.
1949
What are the prime factors of 12067?
11, 1097
List the prime factors of 688.
2, 43
What are the prime factors of 31793?
31793
What are the prime factors of 1709?
1709
What are the prime factors of 1588?
2, 397
List the prime factors of 44.
2, 11
What are the prime factors of 6906?
2, 3, 1151
What a